
Evaluate -51 - (-27 + -4) - 1.
-21
Calculate -16 - (4 + -26) - (1 - 5).
10
What is (1080 - 1085) + (1 - 3) + 25 + -2?
16
1 - (0 + -23 - -33)
-9
What is (-6 - -8) + (1 - (10 + -4)) + 2?
-1
What is the value of 1 - (2 + 1 + 15) - (-543 - -539)?
-13
(-5 - 4) + (-4 - -6 - (7 - 2))
-12
What is -7 + 3 + -7 - -5?
-6
What is (-3 - (18 + -10 + 5)) + -2 + 6?
-12
-13 + 16 + (-6 + -1 - 1)
-5
Calculate -36 + -41 + (24 - -19).
-34
Evaluate -38 - (-62 + 27 + 34).
-37
Evaluate 14 + (9 - 11 - -6) - -4.
22
9 - -1 - (0 + 5)
5
Evaluate (-2 - 1) + (24 - 20) + 3 - -24.
28
Calculate -17 - -2 - (-52 + 25).
12
Calculate -3 - 0 - (5 + -21 - -18).
-5
What is the value of 46 + -44 + 1 + 5?
8
Evaluate -31 - ((0 - 3) + -5 + 1 + 1).
-25
Evaluate (-8 - 1) + (0 + -5 + -1 - -9).
-6
0 + (0 - 11) + -671 + 693
11
What is (-21 - (-14 + -2)) + -8 + 30?
17
Evaluate -18 - (-12 + -9) - (1 - 11).
13
Evaluate -17 + (-22 - (25 + -77)).
13
Calculate (7 - (0 + -6 - -17) - -11) + -13.
-6
(23 - 3) + (18 - 8 - 8) + -6
16
What is (-13 + (1 - 0) + 5 - -27) + 8?
28
(-136 - -122) + (9 - 1)
-6
Evaluate (-27 - 17) + 52 - 44.
-36
Calculate (-39 + 27 - 25) + 26.
-11
What is (17 - 28 - (7 + -35)) + -22?
-5
What is (-137 - -129) + 2 + (1 - -2) - -10?
7
What is 7 + -1 + -7 + 1?
0
What is -12 - (-9 - -4 - 8)?
1
2 + 0 - ((-11 - -16) + -6 - -20)
-17
15 - ((-6 - 8) + 14)
15
((0 - -10) + -1 - (-58 - -56)) + -2
9
Calculate (-4 - (-9 + 19 + -4)) + (0 - 3).
-13
What is 29 + -42 - (-2 + -9 + 2)?
-4
Evaluate 12 + -7 - (7 + -1 + 2) - 6.
-9
Calculate 11 + 0 + 1 + 1 + -1 + -4.
8
Calculate 2 + 1 + -4 - ((-9 - 44) + 41).
11
What is the value of -5 + 5 + 4 + -1 - -16?
19
What is the value of (14 - 23 - -4) + 17?
12
Evaluate -12 + -14 + 19 + 5 + 1.
-1
What is (9 - (-5 + 13)) + 3 + -4 + -1?
-1
Evaluate (-1 - 4 - (-19 + 22)) + 1 - 1.
-8
-16 + (23 - 12) - -6
1
What is the value of 39 - ((6 - -5) + 5)?
23
Evaluate -21 + 7 + -10 + 15.
-9
Evaluate -2 - -2 - (-536 + 529).
7
What is the value of (-1 - -10) + 50 + -62?
-3
Calculate -1 + (2 - -2) - 4.
-1
Evaluate 9 - 0 - (-58 + 5 + 53).
9
23 - (7 + (10 - 2))
8
-10 - -1 - (-692 - -667)
16
-19 + (0 - -2) - (-9 - 5 - -7)
-10
What is (30 - 25) + -9 + (-3 - -4) + 2?
-1
What is -10 + (-15 - ((2 - (8 - 2)) + -3))?
-18
What is the value of 0 - (2 - -11 - 1)?
-12
What is 13 - (6 - 13 - -22) - (7 + 0)?
-9
What is 1 + (3 - -3) + 10 + -13 - -21?
25
Calculate 90 - 97 - (2 - 2).
-7
1 - 4 - (170 + -168) - -13
8
Calculate -11 + 15 + -17 + 0.
-13
What is the value of 13 + -8 + -2 - -6?
9
Evaluate -4 + -5 - -9 - (-2 + 8 - 26).
20
Calculate 9 - (15 + -13) - 8.
-1
-1 - -3 - (-2 + 7 + 1 + -1)
-3
Calculate 16 + (2 - 8) + 3 + -4.
9
What is -8 - (-2 - 11 - (8 + -11)) - 16?
-14
Evaluate 39 - (2 + -3 - -8).
32
Calculate -7 + ((10 - 14) + 6 - -4).
-1
Evaluate 46 + -55 + 43 + (0 - (1 + -4)).
37
Calculate 11 - (3 + -10 + 17) - 4.
-3
What is (-2623 - -2621) + (1 + -9 - (2 - 0))?
-12
Evaluate -28 - (-24 + 1 + 16).
-21
Evaluate -15 + (20 - (-10 - -20)).
-5
What is the value of (-20 - (-11 + -10)) + -3?
-2
Evaluate 5 + -8 + 5 - 10.
-8
Calculate -5 + (-5 - (-16 - -19)).
-13
What is 10 + -9 + -2 - (-1 + 4)?
-4
Evaluate 2 + (5 - -1) + (-27 - -77) + -54.
4
-1 + 1 + -255 + 255
0
What is the value of 5 - ((7 - 8) + 0 - (-6 - -3))?
3
What is the value of -3 + 8 - (0 + 4 + -3)?
4
Calculate 24 + 18 + -39 - (-10 - -1).
12
What is 3 + -6 - -6 - (4 - (1 - 12))?
-12
Evaluate (-18 - -30) + (-7 - 0) - 20.
-15
18 + -18 + 20 + -9
11
What is 3 + (30 - 43) - (2 + -26 - -2)?
12
Evaluate -5 - -21 - (-23 + 35).
4
Calculate (1 - (-41 - -52)) + (-12 - 2).
-24
What is the value of (7 - 10) + 2 + 1 + 1 + -2?
-1
What is the value of 1 + (8 - 5 - -18)?
22
What is the value of -22 - -21 - (2 - 4 - -2)?
-1
What is the value of -13 - -24 - -3 - (-8 - -5)?
17
Calculate 36 + -12 + (10 - 12) + -2.
20
Calculate 14 - (26 + -15 + -4).
7
Evaluate 26 - (12 - (-26 + 19)).
7
What is the value of -9 + (8 - (2 - 0))?
-3
What is the value of (-12 - (-6 - 2) - -13) + -7?
2
What is -12 - (0 + -6 + (5 - 1) + -3)?
-7
What is 0 + (-10 - (-6 + 1) - (2 + -17))?
10
Evaluate -16 + 9 + -3 + 13 - (-7 + 6).
4
Calculate (-16 - -20 - (-6 + 10)) + 19.
19
Calculate (-3 - 13) + (55 - 8).
31
What is -20 - -17 - 0 - (1 - (3 - -5))?
4
-211 + 208 + (0 - -10) - (2 + -7)
12
What is the value of -17 + 37 + (5 - -8)?
33
Calculate -6 + (6 - (7 - 4)).
-3
6 + 2 + 2 + (1 - 9) + 4
6
Evaluate -3 - (4 + (-5 - (4 + -1 - 9))).
-8
What is the value of 10 - ((5 - 16) + 4 - (-3 + -10))?
4
What is the value of -46 - (37 - (19 - -60))?
-4
4 + ((-3 - 2) + -1 - (15 + -6))
-11
Evaluate 4 - (10 + 0 + 4 - 27).
17
What is 1 + -15 + 12 + -4 + 5?
-1
-18 + 16 + (-2 - (3 - (-6 + 4)))
-9
-26 + (2 + 2 + -9 - (188 - 196))
-23
What is 93 + -84 + -4 + -1 - 22?
-18
8 + 12 + -14 - (-2 - -2)
6
Evaluate (-2 - -8) + 15 + (-3 + 5 - 7).
16
What is -3 + 10 + 3 - 8 - -1?
3
Evaluate -8 - -4 - (-14 - (-3 + -10)).
-3
Calculate (-8 - -1) + (38 - 24).
7
What is 3 + 4 + -2 + 5 + 0 + -7?
3
What is the value of 15 + -9 + (-6 - 8)?
-8
What is the value of (5 - -3) + (13 - 4) - (-1 + 3)?
15
What is -3 - (-2 - ((-13 - -6) + (7 - -2)))?
1
What is the value of 28 - 11 - 1 - (6 + -9)?
19
0 - -12 - (25 + -15)
2
What is (-1 - -1) + (-14 + 30 - 8) - 26?
-18
(1 + -2 - -4) + (60 - 56)
7
What is 12 + -22 - (-2 + 0 + 12)?
-20
-24 + (19 + -28 - -29)
-4
What is the value of 1 - -24 - (-149 - -162)?
12
What is 3 + (-1 - -2) - (122 + -104)?
-14
Evaluate 3 - ((5 - -5) + -15).
8
What is -32 + 33 + (-4 + 5 - (-2 + 1))?
3
Calculate 4 + (1 - (7 - -6)).
-8
3 - -2 - 28 - (-5 - (-14 + 10))
-22
What is (-3 - -7) + -13 - (-19 - -9)?
1
What is the value of 19 + -1 + -35 + 5?
-12
What is 9 - 9 - -3 - (3 + -1)?
1
What is 6 + -21 - -15 - -16?
16
Evaluate -2 + -1 - ((-26 - 13) + 29).
7
Calculate (79 - 88) + 17 + 1 - (-8 - 2).
19
What is the value of (11 - (16 - 9)) + (5 - 3 - -5)?
11
Evaluate -171 + 135 - (-2 + 2 + -1 - 4).
-31
-19 - (8 + -15 + -6)
-6
What is the value of -18 + -17 + (13 - -5) + 38?
21
What is (2 - -1) + 3 - (35 + -22)?
-7
What is (-2 - 14) + (4 - (4 + -4))?
-12
What is the value of 158 + -131 - (-2 - (-9 + 2))?
22
Calculate (12 - (1 + -5 - (-22 + 18))) + -44.
-32
What is -8 - ((2 - 2) + -5 + -13 + 20)?
-10
2 - (-4 + 7 - 3) - 2
0
-1 - (-1 + -4 + -3 - 11)
18
7 - (20 + 9 + 0)
-22
Evaluate (-15 - -13) + (2 - 6 - 6).
-12
-20 - (-11 + -1 + 3)
-11
What is the value of (3 - -2) + (25 - (13 + 10))?
7
Evaluate (2 - -4) + -31 + 21 - (15 + 4).
-23
-21 + (4 - (9 + (-7 - 4)))
-15
(27 - (-13 - -13 - -7)) + (1 - 8)
13
Calculate -26 - ((-37 - -26) + -6).
-9
Evaluate -13 + 4 + (-2 - -7) - 4.
-8
What is -4 + 0 + -1 + (7 - (16 - 21))?
7
What is 20 - 3 - (31 - 1)?
-13
10 - (-9 + (-4 + -2 - -36))
-11
3 + -21 + -4 - (-15 + (-2 - -25))
-30
What is -12 + 34 + (-16 - -6) + (-10 - 0)?
2
What is (2 - (-5 - (-42 - -1))) + -4?
-38
What is the value of 1 + 1 + -8 - -5 - (-7 - 11)?
17
What is the value of 10 + (7 - 13 - 13) + 6?
-3
(75 - (53 - 22)) + 1 + -9
36
Calculate -25 + (32 - -1) - 18.
-10
What is the value of -7 + 27 - 19 - -20?
21
(20 - 23) + 38 + -13 + 3
25
Evaluate 50 - 42 - ((0 - 2) + 7).
3
Calculate -8 - (4 + -1 + -4) - (7 + -5).
-9
What is 6 + ((-2 - -9) + -8 - -1)?
6
Calculate -4 + (1 - 4 - 9) + 4.
-12
What is 5 + -11 + 7 + (5 - 7) + -23?
-24
What is the value of 712 + -656 + (-43 - 1)?
12
What is the value of -1 - (6 - (10 + -3 + -2))?
-2
What is the value of 0 - 3 - (2 - -12 - (-317 + 334))?
0
What is -230 - -209 - (2 - (-2 - -2 - -6))?
-17
6 - (58 - 18) - -22
-12
Evaluate (22 - (-6 - -31)) + (4 - (1 - 2)).
2
What is the value of 7 + -7 + 0 + -22 + 13?
-9
What is 4 - 6 - (6 + -6 + -4)?
2
What is the value of (1 - (-4 - (12 + -23))) + (4 - 0)?
-2
What is 2 + -6 + -15 + 19?
0
What is the value of 1 + -5 + -5 + 2 + 12 + -10?
-5
Calculate 401 + -387 + (-6 - -1) + -33.
-24
What is the value of -1299 + 1276 + -2 + 66?
41
What is the value of 10 + (8 - (-2 + 5 + 4))?
11
What is the value of 137 + -138 + (1 - 0)?
0
What is the value of (20 + 17 - 11 - 11) + 13?
28
Calculate (-1 - (-6 - (-1 + 2))) + -5.
1
Evaluate (-1 - 19) + (-12 - (-4 - 10)) - -1.
-17
Evaluate 12 + (15 - (-3 - 1 - (-12 - 4))).
15
What is the value of 32 + (4 - (30 + 0))?
6
Calculate (10 - (4 - -2)) + 0.
4
Calculate 10 + -17 + (-4 - -4 - 0 - 0).
-7
Calculate 619 - 577 - (32 - -1).
9
What i